t is the highest common divisor of 49 and 3521777?
49
Calculate the greatest common factor of 84508 and 148.
148
Calculate the highest common divisor of 4158 and 8057.
7
Calculate the greatest common factor of 59075 and 3197.
139
What is the greatest common divisor of 190610 and 392?
98
Calculate the highest common factor of 78 and 5250297.
39
What is the greatest common divisor of 6453603 and 4563?
1521
What is the greatest common factor of 285 and 108965?
95
What is the greatest common divisor of 84 and 18690?
42
What is the greatest common factor of 27759 and 456?
57
What is the greatest common factor of 92493 and 860?
43
What is the highest common factor of 57038 and 2054?
158
Calculate the greatest common factor of 34965 and 228105.
1665
What is the highest common divisor of 857664 and 9?
9
Calculate the greatest common divisor of 155655 and 1107.
27
What is the greatest common factor of 14 and 3399830?
14
Calculate the highest common divisor of 17567 and 33.
11
Calculate the greatest common factor of 6 and 2295987.
3
Calculate the greatest common factor of 443660 and 196.
28
Calculate the greatest common factor of 216 and 98442.
54
What is the greatest common divisor of 456720 and 22?
22
What is the highest common divisor of 690 and 5829120?
690
Calculate the highest common divisor of 20797 and 91.
7
Calculate the greatest common factor of 20 and 550780.
20
What is the highest common factor of 20445 and 290?
145
Calculate the greatest common divisor of 24 and 725352.
24
Calculate the highest common factor of 166 and 288.
2
Calculate the greatest common factor of 29 and 87203.
29
What is the greatest common factor of 3423911 and 1514?
757
Calculate the greatest common divisor of 10576 and 104.
8
Calculate the highest common factor of 13243 and 6080.
19
What is the highest common factor of 1122871 and 9297?
1033
What is the highest common factor of 154 and 50952?
22
Calculate the highest common divisor of 559677 and 394.
197
What is the highest common factor of 994779 and 3?
3
What is the greatest common divisor of 2596 and 364?
4
Calculate the greatest common factor of 2219 and 14899.
317
Calculate the greatest common factor of 21 and 6009.
3
What is the greatest common divisor of 25443 and 14906?
257
Calculate the highest common factor of 1757 and 27108.
251
Calculate the greatest common divisor of 29 and 10997351.
29
Calculate the highest common factor of 1250 and 240.
10
Calculate the highest common divisor of 23474 and 3872.
242
What is the greatest common factor of 1040370 and 30?
30
What is the greatest common factor of 1081 and 161?
23
What is the highest common divisor of 154 and 222474?
14
Calculate the highest common divisor of 19329 and 1516.
379
Calculate the greatest common factor of 1275 and 1661325.
1275
Calculate the highest common factor of 49 and 41062.
49
Calculate the highest common divisor of 1136 and 1776.
16
What is the greatest common divisor of 608600 and 200?
200
What is the highest common factor of 75 and 343695?
15
What is the highest common factor of 5745 and 1980?
15
What is the highest common factor of 12796 and 28?
28
Calculate the greatest common factor of 786 and 2766.
6
Calculate the greatest common factor of 474 and 224439.
237
Calculate the greatest common divisor of 26625 and 157875.
375
What is the greatest common factor of 711 and 7505?
79
Calculate the greatest common factor of 609826 and 774.
86
What is the greatest common factor of 2896494 and 146?
146
Calculate the highest common divisor of 405 and 7395.
15
What is the greatest common divisor of 880 and 286?
22
Calculate the highest common factor of 93 and 25572.
3
What is the highest common factor of 1202048 and 384?
128
Calculate the greatest common factor of 154613 and 8.
1
Calculate the highest common divisor of 9936 and 2376.
216
Calculate the greatest common divisor of 35939 and 581.
83
Calculate the greatest common factor of 1184 and 1018832.
592
What is the greatest common factor of 25651 and 2497?
227
Calculate the greatest common divisor of 468 and 416.
52
What is the highest common factor of 15554 and 19712?
154
What is the highest common divisor of 3150 and 11200?
350
Calculate the highest common divisor of 22 and 298067.
11
Calculate the greatest common factor of 144 and 4041.
9
What is the greatest common divisor of 65 and 18836285?
65
What is the highest common factor of 40640 and 1730?
10
Calculate the highest common divisor of 4980 and 21540.
60
Calculate the greatest common divisor of 57 and 273562.
19
Calculate the greatest common divisor of 1080 and 45405.
45
What is the highest common divisor of 225 and 3275?
25
What is the highest common divisor of 25937880 and 15?
15
What is the highest common divisor of 82 and 335626?
82
Calculate the highest common divisor of 24605 and 3535.
35
What is the greatest common factor of 2653488 and 96?
48
What is the highest common factor of 815 and 397883?
163
Calculate the greatest common factor of 151506 and 33.
3
What is the greatest common factor of 847 and 9801?
121
Calculate the highest common divisor of 26 and 718.
2
Calculate the greatest common divisor of 559 and 48676.
43
What is the greatest common divisor of 112 and 29050?
14
What is the highest common divisor of 643020 and 24?
12
What is the greatest common factor of 40 and 59888?
8
What is the greatest common factor of 5268 and 228?
12
Calculate the greatest common factor of 34046 and 146750.
1174
What is the greatest common divisor of 516 and 468356?
172
What is the greatest common divisor of 137048 and 407?
37
What is the greatest common factor of 51024 and 48?
48
What is the greatest common factor of 1124 and 975351?
281
What is the greatest common divisor of 7065 and 27?
9
What is the highest common factor of 2885108 and 424?
212
What is the greatest common factor of 51097 and 263771?
1381
Calculate the greatest common divisor of 3 and 15255.
3
Calculate the highest common divisor of 1194628 and 1616.
404
Calculate the highest common divisor of 304 and 122569.
19
Calculate the highest common divisor of 78552 and 198.
18
Calculate the greatest common factor of 3538 and 419746.
58
Calculate the highest common factor of 3405 and 474657.
681
Calculate the greatest common divisor of 110 and 866140.
110
What is the greatest common divisor of 3000726 and 81?
81
What is the greatest common divisor of 159720 and 85668?
1452
Calculate the highest common factor of 670 and 7392244.
134
What is the greatest common divisor of 378 and 16191?
63
Calculate the highest common divisor of 103431 and 276.
69
Calculate the highest common factor of 493639 and 475.
19
What is the highest common divisor of 1665 and 1065?
15
What is the greatest common factor of 225 and 21674475?
225
Calculate the highest common divisor of 11769606 and 414.
414
Calculate the highest common divisor of 131022 and 251.
251
Calculate the greatest common divisor of 10 and 343010.
10
What is the highest common factor of 1860 and 29020?
20
What is the greatest common divisor of 3219190 and 52?
26
What is the highest common factor of 1728 and 20439?
27
What is the highest common factor of 8 and 378892?
4
Calculate the greatest common divisor of 205436 and 46.
46
Calculate the greatest common factor of 396 and 219087.
99
Calculate the highest common divisor of 42 and 624904.
14
Calculate the greatest common divisor of 21502 and 26.
26
Calculate the highest common divisor of 246 and 3706974.
246
What is the highest common divisor of 609 and 3285961?
203
Calculate the greatest common factor of 96 and 32484.
12
Calculate the greatest common divisor of 754 and 11596.
26
Calculate the greatest common factor of 804578 and 586.
586
Calculate the highest common factor of 2684 and 6588.
244
Calculate the highest common factor of 376282 and 94.
94
Calculate the greatest common factor of 144074 and 410.
82
Calculate the highest common factor of 2763 and 9824.
307
Calculate the highest common factor of 3887 and 854841.
299
Calculate the highest common factor of 54 and 36261.
27
Calculate the highest common divisor of 1950 and 51645.
15
Calculate the highest common factor of 63 and 5797260.
63
Calculate the highest common factor of 250 and 9950.
50
What is the highest common divisor